144.
12
Suppose 21*o - 3*n = 18*o + 9, o - 2*n - 4 = 0. Let t be -1 + -5 + (3 - (o - 7)). Calculate the highest common divisor of t and 29.
1
Suppose -381*n - 484 = -382*n. Suppose n = 3*c - 656. Calculate the highest common divisor of 20 and c.
20
Let s(k) = 47*k**2 + 4*k - 3. Let h be s(1). Let b(n) = n**2 + 29*n + 168. Let o be b(-24). What is the greatest common divisor of h and o?
48
Suppose -18 = 3*g, -5*g = -4*u - u + 1780. What is the greatest common divisor of u and 1190?
70
Suppose 8 = z - 2. Let u(a) = -a**3 + 3*a + 30. Suppose -5*d = -0*d. Let i be u(d). What is the greatest common factor of i and z?
10
Let y(l) be the third derivative of -l**6/120 + l**5/10 + 7*l**3/3 - 48*l**2. Let h be y(6). Let p = h - -94. What is the highest common factor of p and 27?
27
Let c(u) = -219*u + 582. Let g be c(1). What is the greatest common divisor of 3333 and g?
33
Suppose 18*z = 1 - 55. Let y be ((-5)/z)/(5/195). What is the highest common factor of y and 13?
13
Suppose 2*k - 14 = 0, -663 = 3*x + 5*k - 2462. What is the greatest common divisor of 378 and x?
42
Suppose -4*t = 12, -4*w - 5*t - 95 = -9*w. Let c = 6 - w. Let z be c/15 - (-1588)/6. What is the greatest common divisor of z and 24?
24
Suppose -j - 195 = -5*h - 1010, -5*j + h + 3955 = 0. Suppose 3*n - 28 = 2*u + 10, 5*u + 50 = 3*n. Calculate the highest common divisor of j and n.
10
Suppose -a = -4*a + 186. Let z be (4 + (-318)/(-12))/(-3*(-11)/(-66)). Let r = a + z. Calculate the highest common factor of r and 3.
1
Let k = 2883 - 2866. What is the greatest common factor of 51 and k?
17
Let o(b) = b**3 - 17*b**2 + 5*b - 7. Let s be o(17). What is the greatest common factor of s and 6864?
78
Suppose 5*y + 5 = 0, -2*v = -5*v + y + 1. Let g be 3/(1 + v/(-1)) - -44. What is the highest common divisor of g and 94?
47
Suppose -3*r + 18 = l - 35, 4*l + 9 = r. Let b = 11841 - 11824. Calculate the greatest common factor of r and b.
17
Let u be ((-3)/(-1))/((-51)/(-816)). Calculate the greatest common factor of u and 444.
12
Let j be (-130)/(-8) + 1*4/(-16). Let l be (0 - -118) + -1 - -11. Calculate the highest common factor of l and j.
16
Let f(y) = 50*y**2 - 77*y - 779. Let x be f(-10). What is the highest common factor of 322 and x?
161
Suppose -4*r - 220 = -4*w, 2*w - 5*r - 53 - 57 = 0. Let d(x) = 3*x**3 - 24*x**2 + 23*x - 3. Let u be d(7). Calculate the highest common divisor of u and w.
11
Let q be (4/3)/((-10)/(-45)). Let b be 85/2*(-108)/(-702)*52/10. What is the highest common divisor of b and q?
2
Suppose 0 = -r + 279 - 290. Let p be (-4)/r*(-264)/(-48). Calculate the greatest common divisor of 22 and p.
2
Suppose 6*b = 52 + 188. Suppose b*d - 231 = 37*d. Let s = -12 - -23. Calculate the greatest common divisor of d and s.
11
Suppose -5*x = -10 - 10. Suppose 2*i - x*i = -108. Suppose 7*n + 3573 - 3699 = 0. What is the highest common divisor of n and i?
18
Let g be 12 + -25 - -5 - -520. Calculate the greatest common factor of 40 and g.
8
Let b be (1 + 2/(-4))*82. Suppose -i + 4*i + 44*i = 15416. What is the highest common divisor of b and i?
41
Suppose -95*o + 96*o = -1091. Let u = 1946 + o. What is the greatest common factor of 45 and u?
45
Suppose -43*x + 6 + 847 + 566 = 0. Let k(c) = c**2 - 2. Let p be k(-2). Suppose 10 = 4*g - p. What is the highest common factor of x and g?
3
Suppose 0 = -19*f - 7 + 140. Let s be 6/42*f + 11*7. What is the highest common divisor of s and 12?
6
Suppose 1471 = 3*q + 2*m, -4*q + 4*m + 1139 + 849 = 0. Calculate the highest common divisor of 145 and q.
29
Suppose 219*o = -5*s + 221*o + 218279, -2*s - 2*o + 87334 = 0. Calculate the highest common divisor of 77 and s.
77
Let u be (-519)/(-21) - (-1 - 85/(-119)). What is the highest common factor of u and 290?
5
Let s = -8494 + 13989. Calculate the highest common factor of s and 35.
35
Let i = -67 - -71. Suppose -i + 4 = 6*l. Suppose l = k + 6 - 12. What is the greatest common factor of k and 4?
2
Let i(l) be the second derivative of -l**4/6 + 3*l**3 - 8*l**2 - 14*l. Let x be i(8). Let a be 13 + 1 + x/1. What is the greatest common divisor of a and 56?
14
Suppose -250*p - 1274 = -264*p. Calculate the highest common divisor of 52 and p.
13
Let l = -14399 + 14408. Let p = 375 - 258. Calculate the greatest common factor of p and l.
9
Let i(g) = -g**2 + 4*g + 17. Let k be i(7). Let s be 33/4 - 3/k. Suppose -s = -11*f + 13. What is the highest common factor of f and 18?
2
Let q = -452 + 781. Suppose -28*t + 45 = -23*t. Let x(z) = 2*z**2 - 14*z + 11. Let o be x(t). Calculate the greatest common divisor of o and q.
47
Suppose 50 = -62*d + 72*d. What is the highest common divisor of 32 and d?
1
Suppose -5*t - 10*r + 804 = -14*r, -4*r = 5*t - 796. What is the greatest common divisor of 48 and t?
16
Let b be (-2)/6 + (-218)/(-6). Let d = b + -44. Let z be (-3)/d*(3 - -5). Calculate the greatest common factor of 15 and z.
3
Suppose -12*y + 885 + 523 = -4*y. What is the greatest common factor of y and 407?
11
Let s = 57 - 96. Let b(j) = -j**3 - 28*j**2 - 39*j - 228. Let k be b(-27). Let d = s + k. Calculate the highest common factor of d and 19.
19
Let b(o) = -1. Let i(d) = 82*d - 1. Let r(y) = -6*b(y) - i(y). Let m be r(-2). Calculate the greatest common divisor of 114 and m.
57
Suppose 19470*l + 2924 = 19513*l. Let o(v) = 7*v**2 - 7*v - 6. Let s be o(6). Suppose 5*f - 3*f - s = 0. Calculate the greatest common divisor of f and l.
34
Let a(d) be the second derivative of 18*d + 1/3*d**4 + 1/10*d**5 + 0 - 1/2*d**3 - 3/2*d**2. Let c be a(2). Calculate the greatest common factor of c and 138.
23
Let z = 216 - 208. Suppose 5*k - 135 = 5*m, -4*k + 5*m = -0*k - 107. Let h = k - z. Calculate the highest common factor of 10 and h.
10
Suppose 0 = -82*d + 88*d - 1146. Suppose 33*h + d = 2567. Calculate the greatest common factor of 9 and h.
9
Let t = 5248 - 4968. What is the highest common factor of 12 and t?
4
Suppose -5*m - 5*q = -115, -4*q = -2*q - 8. Suppose 0 = -m*b + 43 + 33. Calculate the greatest common divisor of b and 44.
4
Suppose 2*x + 62 - 72 = 0, 0 = 5*f - x - 520. What is the highest common factor of f and 75?
15
Let x(m) = -2*m + 1. Let a be x(-4). Suppose c - 4*c + 49 = -4*v, -c = -v - 16. Let i = c - 9. Calculate the highest common divisor of i and a.
3
Let y = 126 + -90. Let t = 3262 + -3202. What is the greatest common divisor of y and t?
12
Suppose 2*i + 4 = 10. Suppose 0 = i*t - 13 - 77. Calculate the greatest common factor of 160 and t.
10
Let x be ((-39)/(-12))/((-2)/(-40)*5). Suppose x*d - 795 = 8*d + 3*z, d - 4*z - 142 = 0. What is the greatest common factor of 6 and d?
6
Suppose 16*p = 11*p - 7*p + 468. Calculate the highest common divisor of p and 40677.
39
Let h = -6705 + 9036. Calculate the highest common factor of 222 and h.
111
Suppose -3*m + 2*s = -6 - 134, m + 5*s - 75 = 0. Calculate the greatest common divisor of m and 270.
10
Let c = 1414 - 126. What is the highest common divisor of 28 and c?
28
Suppose -36*i + 31*i + 25 = 0. Suppose -169 = -8*q + 279. Suppose -i*c + q = -14. What is the greatest common divisor of c and 112?
14
Suppose -13*z + 12*z + 5*g + 6103 = 0, z + 2*g = 6131. Suppose 26*t - z = 2717. What is the greatest common factor of 20 and t?
20
Suppose w = -0*w - 4. Let b be (-1 - 0) + 2 - w. Let g = -48174 - -48179. What is the highest common divisor of g and b?
5
Let i = 1 - 3. Suppose -14864*v + 720 = -14862*v. Let y be (i/3)/((-10)/v). Calculate the greatest common factor of y and 12.
12
Let u(c) = -c**3 + 8*c**2 - 5*c + 170. Let y be u(7). What is the highest common divisor of y and 38?
2
Suppose -o = -3*p - 15, 7 + 3 = -2*o - 4*p. Let y(m) = 3*m - 5. Let x be y(o). Suppose -3*s + x + 5 = 0. What is the greatest common factor of s and 3?
3
Let a(u) = -8*u**2 + 235*u + 57. Let f be a(17). Calculate the highest common divisor of f and 609.
87
Let l(f) = 3*f**3 - 202*f**2 - 104*f - 278. Let a be l(68). Calculate the greatest common factor of 143 and a.
13
Suppose 0 = -2*j + 28 + 60. Calculate the highest common divisor of j and 55.
11
Let g be (-96 + 4)*(3 + (-35)/10). Suppose -10 - 58 = -3*a + r, -2*a + r = -g. What is the greatest common divisor of a and 11?
11
Let g(d) = d**2 + 22*d + 31. Let u be g(-17). Let k be (-30)/35*(u + 5). What is the highest common divisor of 